{"id":410,"date":"2026-01-22T13:56:06","date_gmt":"2026-01-22T13:56:06","guid":{"rendered":"https:\/\/bijouxdevalou.fr\/?post_type=product&#038;p=410"},"modified":"2026-01-22T13:56:07","modified_gmt":"2026-01-22T13:56:07","slug":"sodalite-agate-bleue","status":"publish","type":"product","link":"https:\/\/bijouxdevalou.fr\/?product=sodalite-agate-bleue","title":{"rendered":"Sodalite &#038; Agate bleue"},"content":{"rendered":"<p><em>Bracelet fait main<\/em><\/p>\n<p><em>En acier inoxydable, serti de pierre naturelle : Sodalite &amp; Agate bleu<\/em><\/p>\n<p><em>Version argent\u00e9e, et disponible en version dor\u00e9e<\/em><\/p>\n<p><em>Taille : 15,5 cm + 5 cm de rallonge<\/em><\/p>\n<p style=\"text-align: center;\">~<\/p>\n<p>\u2022 Sodalite<\/p>\n<p>La Sodalite symbolise l&rsquo;intelligence et la compr\u00e9hension. Elle permettrait de clarifier l&rsquo;esprit, soignerait les effets de l&rsquo;hypertension et stabiliserait les \u00e9motions.<\/p>\n<p>Vertus et bienfaits de la Sodalite<\/p>\n<p>\u2022 apporterait amour et confiance en soi<br \/>\n\u2022 r\u00e9duirait les ulc\u00e8res et l\u2019hypertension<br \/>\n\u2022 apaiserait le stress<br \/>\n\u2022 faciliterait la respiration<br \/>\n\u2022 favoriserait l\u2019endormissement<br \/>\n\u2022 contribuerait \u00e0 r\u00e9duire les maux de t\u00eate<br \/>\n\u2022 r\u00e9g\u00e9n\u00e8rerait la peau<\/p>\n<p>SUR LE PLAN PHYSIQUE :<\/p>\n<p>La sodalite a beaucoup de propri\u00e9t\u00e9s en lithoth\u00e9rapie. Elle est notamment connue et reconnue pour ses vertus contre les affections de la gorge et des yeux. On l\u2019utilise tr\u00e8s souvent dans le traitement de l\u2019hypertension.<br \/>\nLa sodalite permettrait \u00e9galement de palier aux carences en calcium des personnes qui la portent. Elle en augmenterait la capacit\u00e9 d\u2019absorption et d\u2019assimilation.<br \/>\nElle permet aux nouveaux n\u00e9s de vivre une croissance \u00e9quilibr\u00e9e et aident les adolescents \u00e0 passer la pubert\u00e9 sans trop d\u2019encombres.<br \/>\nLa pierre de sodalite est reconnue pour ses vertus apaisantes et calmantes. Vous pouvez placer une pierre roul\u00e9e de sodalite sous un oreiller afin de combattre insomnie et cauchemars. Elle est \u00e9galement appr\u00e9ci\u00e9e des animaux.<\/p>\n<p>SUR LE PLAN MENTAL :<\/p>\n<p>Elle permet aux personnes manquant de confiance en elles de se sentir mieux dans leur peau. Elle apporte assurance et confiance en soi. Elle aide \u00e0 s\u2019encrer dans le moment pr\u00e9sent et \u00e0 ne pas \u00eatre parasit\u00e9 par les \u00e9l\u00e9ments ext\u00e9rieurs. Elle permet une meilleure relaxation et d\u00e9tente, elle diminue l\u2019agressivit\u00e9.<br \/>\nC\u2019est une pierre stabilisante, qui permet de rester \u00e9quilibr\u00e9 et mesur\u00e9, tant dans sa vie au quotidien que dans des prises de d\u00e9cisions importantes. Elle oriente les pens\u00e9es vers le positif et vers les bonnes solutions. Les hypersensibles appr\u00e9cient particuli\u00e8rement la sodalite qui les aide \u00e0 faire le tri dans leurs \u00e9motions.<\/p>\n<p>PURIFICATION \/ RECHARGEMENT :<\/p>\n<p>Il est conseill\u00e9 d\u2019utiliser une fleur de vie. D\u00e9posez votre pierre de sodalite sur la fleur de vie pendant quelques heures, au soleil si vous le pouvez. Votre pierre sera alors purifi\u00e9e et recharg\u00e9e en \u00e9nergies. Vous pouvez purifier la pierre avec une fleur de vie ou de la sauge blanche.<\/p>\n<p style=\"text-align: center;\">~<\/p>\n<p>\u2022 Agate bleue<\/p>\n<p>L\u2019Agate Bleue poss\u00e8de une aura positive capable d\u2019apaiser le corps et l\u2019esprit. Que vous soyez en qu\u00eate de s\u00e9r\u00e9nit\u00e9 ou \u00e0 la recherche d\u2019un guide spirituel, cette gemme pourrait devenir votre alli\u00e9e. Elle est \u00e0 la fois une pierre de protection contre l\u2019obscurit\u00e9, une gemme apaisante pour le corps et l\u2019esprit, mais \u00e9galement un cristal spirituel puissant.<br \/>\nPour que l\u2019Agate puisse vous transmettre tous les bienfaits dont elle regorge, elle doit rester en contact avec la peau. Vous pouvez l\u2019utiliser comme soin en posant durant quelques instants un galet ou pierre roul\u00e9e sur les chakras ou zones souhait\u00e9es.<br \/>\nVous pouvez aussi pr\u00e9parer de l\u2019\u00e9lixir d\u2019Agate bleue en laissant infuser un cristal dans de l\u2019eau que vous pourrez boire une fois la gemme retir\u00e9e.<br \/>\nBien que le contact direct soit \u00e0 privil\u00e9gier, vous pouvez \u00e9galement vous impr\u00e9gner de ses pouvoirs par simple contemplation lors d\u2019une s\u00e9ance de m\u00e9ditation ou d\u2019un temps calme.<\/p>\n<p>L\u2019agate bleue demeure reli\u00e9e au scorpion, au sagittaire, au capricorne ainsi qu\u2019au lion.<\/p>\n<p>Vertus et bienfaits de l\u2019Agate Bleue<\/p>\n<p>\u2022 Diminuerait le stress<br \/>\n\u2022 Lutterait contre les probl\u00e8mes respiratoires<br \/>\n\u2022 Soulagerait les maux de gorge<br \/>\n\u2022 \u00c9loignerait les insomnies<br \/>\n\u2022 Am\u00e9liorerait la diction<br \/>\n\u2022 R\u00e9duirait le b\u00e9gaiement<br \/>\n\u2022 Soulagerait les douleurs musculaires<br \/>\n\u2022 Apaiserait le mental<br \/>\n\u2022 Prot\u00e8gerait des \u00e9nergies n\u00e9gatives<br \/>\n\u2022 Am\u00e9liorerait les relations<br \/>\n\u2022 Inviterait \u00e0 l\u2019\u00e9veil spirituel<br \/>\n\u2022 Renforcerait l\u2019intuition<\/p>\n<p>SUR LE PLAN PHYSIQUE :<\/p>\n<p>Pierre aux vertus apaisantes, l\u2019Agate Bleue participe \u00e0 diminuer drastiquement le stress, et par cons\u00e9quent les sympt\u00f4mes physiques qui y sont associ\u00e9s. Elle lutte ainsi contre l\u2019hypertension art\u00e9rielle et limite les probl\u00e8mes cardiovasculaires qui en d\u00e9coulent. Les insomnies se dissipent et laissent place \u00e0 un sommeil r\u00e9parateur qui octroie davantage d\u2019\u00e9nergie et de vitalit\u00e9.<br \/>\nEn outre, elle soulage les affections de la gorge et du syst\u00e8me respiratoire. Elle s\u2019av\u00e8re id\u00e9ale si vous \u00eates sujet \u00e0 des bronchites \u00e0 r\u00e9p\u00e9tition, en proie \u00e0 des crises d\u2019asthme, ou encore \u00e0 des allergies chroniques ou saisonni\u00e8res. Elle apaise les douleurs en cas de toux. Par ailleurs, on lui conf\u00e8re le pouvoir d\u2019am\u00e9liorer la diction et de r\u00e9duire le b\u00e9gaiement.<br \/>\nElle repr\u00e9sente une aide pour lutter contre les tensions musculaires au niveau des cervicales ainsi que des lombaires. Cette gemme reste \u00e9galement l\u2019alli\u00e9e des sportifs, car elle limite consid\u00e9rablement les courbatures et contractures apr\u00e8s un effort physique, pour une meilleure r\u00e9cup\u00e9ration.<\/p>\n<p>SUR LE PLAN MENTAL :<\/p>\n<p>Gr\u00e2ce \u00e0 ses propri\u00e9t\u00e9s antistress, l\u2019Agate Bleue apaise le mental et procure un sentiment de bien-\u00eatre psychique. Elle contribue \u00e0 pr\u00e9venir et \u00e0 soulager les troubles psychologiques tels que la d\u00e9pression, l\u2019anxi\u00e9t\u00e9 ou encore les phobies.<br \/>\nCe cristal joue un r\u00f4le de protection puisqu\u2019il \u00e9loigne les \u00e9nergies n\u00e9gatives et garde \u00e0 distance les personnes malveillantes ainsi que les entit\u00e9s mal\u00e9fiques. En effet, il encourage \u00e0 d\u00e9velopper l\u2019intuition et permet de ressentir davantage ce qui est bon pour soi et ce qui s\u2019av\u00e8re nocif ou toxique.<br \/>\nAinsi, l\u2019Agate Bleue invite \u00e0 tisser de nouveaux liens et \u00e0 consolider les relations qui nous tiennent \u00e0 c\u0153ur et qui nous font du bien. Elle participe \u00e0 am\u00e9liorer la qualit\u00e9 de la communication, nous enseigne \u00e0 faire preuve d\u2019empathie et de tol\u00e9rance, mais \u00e9galement \u00e0 \u00eatre plus \u00e0 l\u2019\u00e9coute de nos proches.<br \/>\nDe plus, elle conduit \u00e0 l\u2019\u00e9veil spirituel en cr\u00e9ant une passerelle vers le monde de l\u2019invisible. Vous pouvez l\u2019utiliser lors d\u2019une s\u00e9ance de yoga, de m\u00e9ditation ou de divination, elle am\u00e9liorera votre concentration et vous incitera au l\u00e2cher prise.<\/p>\n<p>PURIFICATION :<\/p>\n<p>Afin de proc\u00e9der \u00e0 son nettoyage \u00e9nerg\u00e9tique, il suffit de br\u00fbler de l\u2019encens, de la sauge blanche ou du palo santo. Ainsi, vous pourrez passer plusieurs fois vos pierres et bijoux en Agate Bleue \u00e0 travers la fum\u00e9e qui s\u2019en d\u00e9gage.<br \/>\nPar ailleurs, si vous poss\u00e9dez un bol tib\u00e9tain, vous pouvez placer vos min\u00e9raux \u00e0 l\u2019int\u00e9rieur avant de le faire chanter. Les vibrations qu\u2019il produit permettent une r\u00e9initialisation profonde et tout en douceur.<\/p>\n<p>RECHARGEMENT :<\/p>\n<p>Pour cela, vous pouvez l\u2019exposer une heure aux premiers rayons du soleil. La lumi\u00e8re de la lune s\u2019av\u00e8re tout aussi b\u00e9n\u00e9fique. Enfin, d\u00e9poser votre gemme sur un amas de quartz lui permettra de se recharger efficacement, de jour comme de nuit.<\/p>\n","protected":false},"excerpt":{"rendered":"<p>Bracelet fait main En acier inoxydable, serti de pierre naturelle : Sodalite &amp; Agate bleu &hellip; <\/p>\n","protected":false},"featured_media":412,"comment_status":"open","ping_status":"closed","template":"","meta":[],"product_brand":[],"product_cat":[67],"product_tag":[85,20,21,83],"class_list":{"0":"post-410","1":"product","2":"type-product","3":"status-publish","4":"has-post-thumbnail","6":"product_cat-bracelet-pierre-naturelle","7":"product_tag-agate","8":"product_tag-bleu","9":"product_tag-bracelet","10":"product_tag-sodalite","11":"latest_post","13":"first","14":"instock","15":"shipping-taxable","16":"purchasable","17":"product-type-simple"},"jetpack_sharing_enabled":true,"_links":{"self":[{"href":"https:\/\/bijouxdevalou.fr\/index.php?rest_route=\/wp\/v2\/product\/410","targetHints":{"allow":["GET"]}}],"collection":[{"href":"https:\/\/bijouxdevalou.fr\/index.php?rest_route=\/wp\/v2\/product"}],"about":[{"href":"https:\/\/bijouxdevalou.fr\/index.php?rest_route=\/wp\/v2\/types\/product"}],"replies":[{"embeddable":true,"href":"https:\/\/bijouxdevalou.fr\/index.php?rest_route=%2Fwp%2Fv2%2Fcomments&post=410"}],"wp:featuredmedia":[{"embeddable":true,"href":"https:\/\/bijouxdevalou.fr\/index.php?rest_route=\/wp\/v2\/media\/412"}],"wp:attachment":[{"href":"https:\/\/bijouxdevalou.fr\/index.php?rest_route=%2Fwp%2Fv2%2Fmedia&parent=410"}],"wp:term":[{"taxonomy":"product_brand","embeddable":true,"href":"https:\/\/bijouxdevalou.fr\/index.php?rest_route=%2Fwp%2Fv2%2Fproduct_brand&post=410"},{"taxonomy":"product_cat","embeddable":true,"href":"https:\/\/bijouxdevalou.fr\/index.php?rest_route=%2Fwp%2Fv2%2Fproduct_cat&post=410"},{"taxonomy":"product_tag","embeddable":true,"href":"https:\/\/bijouxdevalou.fr\/index.php?rest_route=%2Fwp%2Fv2%2Fproduct_tag&post=410"}],"curies":[{"name":"wp","href":"https:\/\/api.w.org\/{rel}","templated":true}]}}