{"id":413,"date":"2026-01-22T14:04:01","date_gmt":"2026-01-22T14:04:01","guid":{"rendered":"https:\/\/bijouxdevalou.fr\/?post_type=product&#038;p=413"},"modified":"2026-01-22T14:04:02","modified_gmt":"2026-01-22T14:04:02","slug":"agate-rouge-quartz-rose","status":"publish","type":"product","link":"https:\/\/bijouxdevalou.fr\/?product=agate-rouge-quartz-rose","title":{"rendered":"Agate rouge &#038; Quartz rose"},"content":{"rendered":"<p><em>Bracelet fait main<\/em><\/p>\n<p><em>En acier inoxydable, serti de pierre naturelle : Agate rouge &amp; Quartz rose<\/em><\/p>\n<p><em>Version dor\u00e9, et disponible en version argent\u00e9e<\/em><\/p>\n<p style=\"text-align: left;\"><em>Taille : 15,5 cm + 5 cm de rallonge<\/em><\/p>\n<p style=\"text-align: center;\">~<\/p>\n<p>\u2022 Agate rouge<\/p>\n<p>Pierre des Dieux, l\u2019Agate Rouge charme par la puissance de sa couleur ainsi que par l\u2019\u00e9nergie infinie qui s\u2019en d\u00e9gage. Si vous \u00eates en qu\u00eate d\u2019harmonie et de stabilit\u00e9, les vertus \u00e9quilibrantes de cette gemme sauront vous contenter.<br \/>\nL\u2019Agate Rouge participe \u00e0 recr\u00e9er un \u00e9quilibre entre le corps et l\u2019esprit. Par ailleurs, c\u2019est une gemme dynamisante qui invite \u00e0 passer \u00e0 l\u2019action.<br \/>\nPour profiter au maximum de ses nombreuses vertus, il vaut mieux privil\u00e9gier le contact avec la peau. Vous pouvez l\u2019employer comme pierre de soin en laissant poser un galet ou pierre roul\u00e9e sur le chakra cibl\u00e9.<\/p>\n<p>L\u2019Agate Rouge est connect\u00e9e au capricorne, au scorpion ainsi qu\u2019\u00e0 la balance. Ces signes sauront profiter pleinement de son influence.<\/p>\n<p>Vertus et bienfaits de l\u2019Agate Rouge<\/p>\n<p>\u2022 Prot\u00e8gerait le syst\u00e8me cardiovasculaire<br \/>\n\u2022 Am\u00e9liorerait la circulation sanguine<br \/>\n\u2022 Soutiendrait le syst\u00e8me digestif<br \/>\n\u2022 Boosterait les d\u00e9fenses immunitaires<br \/>\n\u2022 Accompagnerait la grossesse<br \/>\n\u2022 Favoriserait le bon fonctionnement des organes reproducteurs<br \/>\n\u2022 Lutterait contre le stress et l\u2019anxi\u00e9t\u00e9<br \/>\n\u2022 Stabiliserait l\u2019humeur<br \/>\n\u2022 Augmenterait la confiance en soi<br \/>\n\u2022 Conf\u00e8rerait volont\u00e9 et d\u00e9termination<br \/>\n\u2022 Renforcerait la passion amoureuse<br \/>\n\u2022 Apporterait prosp\u00e9rit\u00e9<\/p>\n<p>SUR LE PLAN PHYSIQUE :<\/p>\n<p>\u00c0 l\u2019image de sa couleur rouge, l\u2019Agate prot\u00e8ge le c\u0153ur, et plus largement, tout le syst\u00e8me cardiovasculaire. Elle renforce les vaisseaux sanguins, et am\u00e9liore la circulation sanguine afin de garantir une meilleure oxyg\u00e9nation de l\u2019ensemble des organes. En parall\u00e8le d\u2019un suivi m\u00e9dical, elle demeure conseill\u00e9e aux personnes qui sont sujettes \u00e0 certaines pathologies telles que l\u2019hypertension art\u00e9rielle, les troubles du rythme cardiaque ou encore les AVC. Elle participe \u00e0 soulager le ph\u00e9nom\u00e8ne de jambes lourdes, les fourmillements et pr\u00e9vient l\u2019apparition de varices.<br \/>\nPar ailleurs, cette gemme r\u00e9\u00e9quilibre le syst\u00e8me digestif et en apaise les d\u00e9sagr\u00e9ments. R\u00e9put\u00e9e pour am\u00e9liorer le transit, elle favorise la digestion et en r\u00e9gule la vitesse. Ainsi, elle s\u2019av\u00e8re efficace contre la constipation, les ballonnements ou la diarrh\u00e9e.<br \/>\nElle stimule aussi les d\u00e9fenses immunitaires afin que le corps soit pr\u00eat \u00e0 r\u00e9agir en cas de maladie. Elle constitue une aide pr\u00e9cieuse pour acc\u00e9l\u00e9rer les p\u00e9riodes de convalescence.<br \/>\nEn lien avec la maternit\u00e9, elle accompagne les futures mamans durant leur grossesse et lors de l\u2019accouchement afin de rendre cette p\u00e9riode-l\u00e0 plus agr\u00e9able possible.<br \/>\nEnfin, ce min\u00e9ral veille sur la sant\u00e9 des organes reproducteurs. Il peut repr\u00e9senter un alli\u00e9 en cas d\u2019impuissance ou d\u2019infertilit\u00e9.<\/p>\n<p>SUR LE PLAN MENTAL :<\/p>\n<p>L\u2019Agate Rouge contribue \u00e0 am\u00e9liorer la gestion des \u00e9motions. Ainsi, elle apaise le mental, diminue le stress ainsi que l\u2019anxi\u00e9t\u00e9 et stabilise l\u2019humeur. Elle insuffle beaucoup de positivit\u00e9, ce qui a pour effet de balayer les pens\u00e9es sombres et les ruminations. Id\u00e9ale pour les temp\u00e9raments pessimistes, elle encourage \u00e0 regarder le monde avec plus d\u2019optimisme.<br \/>\nCette gemme s\u2019av\u00e8re \u00eatre une v\u00e9ritable source de motivation dans laquelle puiser sa force et sa d\u00e9termination au quotidien. Elle conf\u00e8re l\u2019\u00e9nergie pour oser entreprendre, suivre ses aspirations, concr\u00e9tiser ses r\u00eaves\u2026 en somme, se mettre en mouvement afin d\u2019atteindre ses objectifs. Pierre de r\u00e9ussite et de prosp\u00e9rit\u00e9, elle permet de se r\u00e9aliser pleinement et d\u2019acc\u00e9der \u00e0 une grande satisfaction personnelle. Ainsi, l\u2019Agate Rouge contribue \u00e0 accro\u00eetre l\u2019estime et la confiance en soi.<br \/>\nSur le plan affectif, ce min\u00e9ral r\u00e9veille les sentiments amoureux et souffle sur les braises de la passion afin de l\u2019intensifier. Elle renforce les relations charnelles et augmente le d\u00e9sir sexuel pour une vie intime \u00e9panouie.<\/p>\n<p>PURIFICATION :<\/p>\n<p>Il vous suffit de placer vos pierres ou bijoux en Agate Rouge au c\u0153ur d\u2019un r\u00e9cipient contenant de l\u2019eau claire. Vous pourrez les r\u00e9cup\u00e9rer au bout d\u2019une heure ou deux.<br \/>\nVous pouvez \u00e9galement utiliser l\u2019encens et la sauge blanche par fumigation. Leur fum\u00e9e nettoiera votre pierre en douceur.<\/p>\n<p>RECHARGEMENT :<\/p>\n<p>Pour cela, vous pouvez la laisser profiter des premiers rayons du soleil durant deux heures.<\/p>\n<p style=\"text-align: center;\">~<\/p>\n<p>\u2022 Quartz rose<\/p>\n<p>Situ\u00e9 au niveau de sternum, entre les deux omoplates, le chakra du c\u0153ur est le quatri\u00e8me chakra. C\u2019est un centre d\u2019\u00e9nergie \u00e0 l\u2019origine de l\u2019amour et de la joie. Le Quartz rose, pierre de l\u2019amour et de l\u2019affection, agit directement sur ce chakra. Cela va aider \u00e0 gu\u00e9rir d\u2019une s\u00e9paration, entretenir l\u2019estime de soi et trouver un \u00e9quilibre \u00e9motionnel et affectif.<br \/>\nPos\u00e9 directement sur le chakra du c\u0153ur, le Quartz rose aide \u00e0 trouver de l\u2019inspiration et fait ressortir la cr\u00e9ativit\u00e9. Nous poss\u00e9dons tous une grande part de cr\u00e9ativit\u00e9. Mais une faible estime de soi va renfermer la cr\u00e9ativit\u00e9. Le Quartz rose va optimiser cette comp\u00e9tence enfouie.<\/p>\n<p>Vertus et bienfaits du Quartz rose<\/p>\n<p>\u2022 apporte amour et confiance en soi<br \/>\n\u2022 r\u00e9duit les ulc\u00e8res et l\u2019hypertension<br \/>\n\u2022 apaise le stress<br \/>\n\u2022 facilite la respiration<br \/>\n\u2022 favorise l\u2019endormissement<br \/>\n\u2022 contribue \u00e0 r\u00e9duire les maux de t\u00eate<br \/>\n\u2022 r\u00e9g\u00e9n\u00e8re la peau<\/p>\n<p>SUR LE PLAN PHYSIQUE :<\/p>\n<p>La douceur du Quartz rose est b\u00e9n\u00e9fique pour la peau. La pierre s\u2019utilise directement en contact avec la peau pour apaiser les br\u00fblures. En drainant la circulation sanguine, le Quartz rose aide \u00e0 r\u00e9duire les effets des bleus. C\u2019est \u00e9galement une pierre r\u00e9put\u00e9e pour r\u00e9duire l\u2019apparition des rides.<br \/>\nCe min\u00e9ral aide \u00e0 r\u00e9guler les troubles endocriniens. Gr\u00e2ce \u00e0 son action mod\u00e9ratrice sur la tension art\u00e9rielle, le Quartz rose fortifie le c\u0153ur et accompagne l\u2019\u00e9limination des toxines. Ces bienfaits aident \u00e9galement \u00e0 r\u00e9duire les effets des ulc\u00e8res li\u00e9s au stress.<br \/>\nIl prot\u00e8ge les poumons et facilite une respiration douce et sereine. Ses \u00e9nergies vont favoriser le bon fonctionnement du syst\u00e8me respiratoire. Le Quartz rose va \u00e9galement agir sur les maux de t\u00eate pour les r\u00e9duire.<\/p>\n<p>SUR LE PLAN MENTAL :<\/p>\n<p>Cette pierre de gu\u00e9rison symbolise l\u2019amour inconditionnel et apporte s\u00e9curit\u00e9, tendresse et confort.<br \/>\nLa couleur rose de ce min\u00e9ral poss\u00e8de \u00e9galement des vertus apaisantes. Le Quartz rose aide \u00e0 r\u00e9duire le stress et minimise les effets n\u00e9fastes sur le corps. Cette pierre va donc vous amener \u00e0 trouver une paix int\u00e9rieure. Gr\u00e2ce \u00e0 cela, les relations avec les autres se font naturellement.<br \/>\nCette pierre aide \u00e0 surmonter les chagrins d\u2019amour et les crises d\u2019angoisses. Ses ondes bienveillantes renforcent le sentiment d\u2019amour qui sommeille en chacun de nous.<\/p>\n<p>PURIFICATION :<\/p>\n<p>Il faut la passer une fois par semaine sous l\u2019eau chaude courante. Vous pouvez purifier la pierre avec une fleur de vie ou de la sauge blanche.<\/p>\n<p>RECHARGEMENT :<\/p>\n<p>Il faut poser la pierre \u00e0 m\u00eame le sol pr\u00e8s d\u2019une source de lumi\u00e8re naturelle. La pierre va alors se d\u00e9charger des mauvaises vibrations dans le sol. Et puiser de nouvelles \u00e9nergies gr\u00e2ce au soleil ou \u00e0 la lune. Mais il est pr\u00e9f\u00e9rable d\u2019\u00e9viter de la charger directement au soleil. La pierre finira par perdre ses couleurs et les rayons ultraviolets du soleil la feront blanchir. Une fen\u00eatre avec un voile blanc limitera le contact direct.<\/p>\n","protected":false},"excerpt":{"rendered":"<p>Bracelet fait main En acier inoxydable, serti de pierre naturelle : Agate rouge &amp; Quartz &hellip; <\/p>\n","protected":false},"featured_media":414,"comment_status":"open","ping_status":"closed","template":"","meta":[],"product_brand":[],"product_cat":[67],"product_tag":[85,21,86,87,27],"class_list":{"0":"post-413","1":"product","2":"type-product","3":"status-publish","4":"has-post-thumbnail","6":"product_cat-bracelet-pierre-naturelle","7":"product_tag-agate","8":"product_tag-bracelet","9":"product_tag-quartz","10":"product_tag-rose","11":"product_tag-rouge","12":"latest_post","14":"first","15":"instock","16":"shipping-taxable","17":"purchasable","18":"product-type-simple"},"jetpack_sharing_enabled":true,"_links":{"self":[{"href":"https:\/\/bijouxdevalou.fr\/index.php?rest_route=\/wp\/v2\/product\/413","targetHints":{"allow":["GET"]}}],"collection":[{"href":"https:\/\/bijouxdevalou.fr\/index.php?rest_route=\/wp\/v2\/product"}],"about":[{"href":"https:\/\/bijouxdevalou.fr\/index.php?rest_route=\/wp\/v2\/types\/product"}],"replies":[{"embeddable":true,"href":"https:\/\/bijouxdevalou.fr\/index.php?rest_route=%2Fwp%2Fv2%2Fcomments&post=413"}],"wp:featuredmedia":[{"embeddable":true,"href":"https:\/\/bijouxdevalou.fr\/index.php?rest_route=\/wp\/v2\/media\/414"}],"wp:attachment":[{"href":"https:\/\/bijouxdevalou.fr\/index.php?rest_route=%2Fwp%2Fv2%2Fmedia&parent=413"}],"wp:term":[{"taxonomy":"product_brand","embeddable":true,"href":"https:\/\/bijouxdevalou.fr\/index.php?rest_route=%2Fwp%2Fv2%2Fproduct_brand&post=413"},{"taxonomy":"product_cat","embeddable":true,"href":"https:\/\/bijouxdevalou.fr\/index.php?rest_route=%2Fwp%2Fv2%2Fproduct_cat&post=413"},{"taxonomy":"product_tag","embeddable":true,"href":"https:\/\/bijouxdevalou.fr\/index.php?rest_route=%2Fwp%2Fv2%2Fproduct_tag&post=413"}],"curies":[{"name":"wp","href":"https:\/\/api.w.org\/{rel}","templated":true}]}}